r when 11991 is divided by 309.
249
What is the remainder when 652 is divided by 331?
321
What is the remainder when 3035 is divided by 629?
519
Calculate the remainder when 10369 is divided by 2362.
921
Calculate the remainder when 40148 is divided by 331.
97
What is the remainder when 5891 is divided by 107?
6
Calculate the remainder when 5372 is divided by 1135.
832
What is the remainder when 3974508 is divided by 323?
316
What is the remainder when 44575 is divided by 53?
2
What is the remainder when 81270 is divided by 358?
4
Calculate the remainder when 11872 is divided by 437.
73
Calculate the remainder when 1515 is divided by 4.
3
What is the remainder when 266053 is divided by 28?
25
Calculate the remainder when 202098 is divided by 69.
66
Calculate the remainder when 3952 is divided by 62.
46
What is the remainder when 3712 is divided by 312?
280
What is the remainder when 264368 is divided by 20336?
0
Calculate the remainder when 61678 is divided by 2466.
28
What is the remainder when 674 is divided by 40?
34
What is the remainder when 106133 is divided by 135?
23
Calculate the remainder when 2828 is divided by 471.
2
Calculate the remainder when 737067 is divided by 395.
392
Calculate the remainder when 1294 is divided by 168.
118
Calculate the remainder when 4566 is divided by 4547.
19
Calculate the remainder when 31435 is divided by 768.
715
Calculate the remainder when 919802 is divided by 210.
2
What is the remainder when 713 is divided by 51?
50
What is the remainder when 6304 is divided by 72?
40
What is the remainder when 103119 is divided by 103118?
1
Calculate the remainder when 103899 is divided by 66.
15
What is the remainder when 44455 is divided by 162?
67
What is the remainder when 2056 is divided by 122?
104
Calculate the remainder when 17520 is divided by 5804.
108
Calculate the remainder when 124788 is divided by 38.
34
Calculate the remainder when 3773309 is divided by 41.
38
What is the remainder when 898 is divided by 262?
112
Calculate the remainder when 254660 is divided by 184.
4
Calculate the remainder when 190575 is divided by 385.
0
Calculate the remainder when 330 is divided by 41.
2
Calculate the remainder when 7731956 is divided by 26.
24
Calculate the remainder when 26591 is divided by 50.
41
Calculate the remainder when 9320 is divided by 151.
109
What is the remainder when 12804 is divided by 3201?
0
What is the remainder when 23310 is divided by 11653?
4
Calculate the remainder when 2204637 is divided by 16.
13
What is the remainder when 10854 is divided by 259?
235
Calculate the remainder when 2607 is divided by 45.
42
What is the remainder when 4231 is divided by 1376?
103
What is the remainder when 21782 is divided by 121?
2
What is the remainder when 2829 is divided by 272?
109
What is the remainder when 19349 is divided by 28?
1
What is the remainder when 5144 is divided by 66?
62
What is the remainder when 856 is divided by 174?
160
What is the remainder when 14799 is divided by 1138?
5
What is the remainder when 203104 is divided by 35?
34
Calculate the remainder when 656619 is divided by 39.
15
Calculate the remainder when 457374 is divided by 25.
24
What is the remainder when 5643 is divided by 355?
318
What is the remainder when 4513 is divided by 83?
31
Calculate the remainder when 3970 is divided by 362.
350
Calculate the remainder when 447636 is divided by 78.
72
What is the remainder when 35814 is divided by 1010?
464
Calculate the remainder when 2596 is divided by 21.
13
What is the remainder when 1131 is divided by 78?
39
What is the remainder when 44158 is divided by 9?
4
Calculate the remainder when 905 is divided by 383.
139
Calculate the remainder when 149021 is divided by 153.
152
What is the remainder when 21978 is divided by 111?
0
Calculate the remainder when 24352 is divided by 508.
476
What is the remainder when 4171 is divided by 211?
162
What is the remainder when 9439 is divided by 554?
21
Calculate the remainder when 25623 is divided by 515.
388
What is the remainder when 12955 is divided by 12923?
32
Calculate the remainder when 51656 is divided by 140.
136
What is the remainder when 8000 is divided by 3969?
62
Calculate the remainder when 4110 is divided by 1026.
6
What is the remainder when 299 is divided by 185?
114
What is the remainder when 1656630 is divided by 17?
14
What is the remainder when 13099 is divided by 69?
58
Calculate the remainder when 1309 is divided by 76.
17
What is the remainder when 1447066 is divided by 2041?
2038
Calculate the remainder when 6928 is divided by 14.
12
Calculate the remainder when 363691 is divided by 838.
837
What is the remainder when 8250 is divided by 8234?
16
What is the remainder when 6269 is divided by 6?
5
Calculate the remainder when 20445 is divided by 36.
33
What is the remainder when 3632 is divided by 428?
208
What is the remainder when 11995 is divided by 119?
95
Calculate the remainder when 1687 is divided by 790.
107
Calculate the remainder when 17811 is divided by 5913.
72
What is the remainder when 1817 is divided by 217?
81
What is the remainder when 70779 is divided by 23590?
9
What is the remainder when 410258 is divided by 382?
372
Calculate the remainder when 4070 is divided by 2030.
10
Calculate the remainder when 6483 is divided by 5110.
1373
What is the remainder when 157397 is divided by 2350?
2297
Calculate the remainder when 498 is divided by 3.
0
Calculate the remainder when 34680 is divided by 13.
9
What is the remainder when 10765 is divided by 372?
349
What is the remainder when 55651 is divided by 9?
4
Calculate the remainder when 13658 is divided by 96.
26
Calculate the remainder when 29851 is divided by 1990.
1
Calculate the remainder when 326661 is divided by 13.
10
Calculate the remainder when 19055 is divided by 343.
190
Calculate the remainder when 26735 is divided by 203.
142
Calculate the remainder when 6697 is divided by 480.
457
What is the remainder when 85766 is divided by 82?
76
Calculate the remainder when 35783 is divided by 3253.
0
Calculate the remainder when 59038 is divided by 41.
39
Calculate the remainder when 32838 is divided by 134.
8
Calculate the remainder when 640 is divided by 196.
52
What is the remainder when 1840827 is divided by 36?
3
What is the remainder when 11058 is divided by 1841?
12
Calculate the remainder when 1400909 is divided by 735.
734
What is the remainder when 6239 is divided by 2917?
405
What is the remainder when 66859 is divided by 499?
492
Calculate the remainder when 103740 is divided by 399.
0
Calculate the remainder when 4787 is divided by 2102.
583
What is the remainder when 74473 is divided by 3?
1
Calculate the remainder when 7860 is divided by 90.
30
Calculate the remainder when 3108 is divided by 691.
344
Calculate the remainder when 9357 is divided by 551.
541
Calculate the remainder when 16232 is divided by 369.
365
Calculate the remainder when 142304 is divided by 18.
14
What is the remainder when 252355 is divided by 58?
55
What is the remainder when 5763 is divided by 1147?
28
What is the remainder when 268552 is divided by 257?
244
What is the remainder when 2559866 is divided by 342?
338
Calculate the remainder when 16139 is divided by 10.
9
What is the remainder when 975476 is divided by 102?
50
What is the remainder when 18031 is divided by 820?
811
Calculate the remainder when 644 is divided by 29.
6
What is the remainder when 27371 is divided by 342?
11
Calculate the remainder when 84358 is divided by 3374.
8
What is the remainder when 2237 is divided by 34?
27
Calculate the remainder when 3875 is divided by 180.
95
What is the remainder when 4463 is divided by 806?
433
What is the remainder when 17707 is divided by 4416?
43
Calculate the remainder when 36707 is divided by 19.
18
Calculate the remainder when 461984 is divided by 1917.
1904
Calculate the remainder when 220431 is divided by 137.
135
What is the remainder when 1398 is divided by 351?
345
Calculate the remainder when 42555 is divided by 5293.
211
What is the remainder when 3879 is divided by 839?
523
Calculate the remainder when 16581 is divided by 23.
21
Calculate the remainder when 2255 is divided by 498.
263
Calculate the remainder when 349226 is divided b